 - 13*t, -2*j + 24 = -q*t. What is the greatest common divisor of 10 and j?
2
Let h = 221 + -71. Let k be ((-36)/45)/((-4)/h). Calculate the highest common factor of 20 and k.
10
Let v be 1 - 3 - (-6)/(-3)*-4. Suppose -4*j = -v*j + 44928. Let c be (-4)/(-7)*-1 + j/112. Calculate the highest common factor of 8 and c.
8
Suppose 14*o - 11*o = 9. Calculate the highest common factor of 453 and o.
3
Let t(w) = -2*w - 6. Let c be t(-5). Suppose -c - 14 = -6*n. Suppose m = -n*m + 20, 2*g - 59 = m. What is the highest common divisor of 8 and g?
8
Suppose 5*g - 155 = -3*s - 2*s, 0 = -4*s - 3*g + 127. Suppose -2*k + 141 = 2*d - 197, -3*k + 3*d + 513 = 0. Calculate the greatest common divisor of k and s.
34
Let k = 382 - 384. Let w(j) = -7*j**3 - 12*j**2 - 29*j. Let h be w(k). What is the greatest common factor of 110 and h?
22
Suppose -c - 18*a + 34 = -14*a, 4*c = a + 51. Let z be (c/5)/(-4*(-4)/400). What is the greatest common factor of 112 and z?
14
Let s = 80 - 60. Let q be (28/(-16))/(5/s)*-7. Calculate the highest common factor of q and 147.
49
Let o(n) = -14*n - 32. Let k be o(-4). Let w be 96/(-28)*(-1 + k/(-4)). What is the highest common factor of w and 108?
12
Let p = 27807 + -27744. Calculate the greatest common factor of p and 58842.
63
Let y(z) = -z**3 + 3*z**2 - 5*z + 2259. Let t be y(0). What is the highest common divisor of 9 and t?
9
Suppose 4*b + 3615*z - 3616*z - 2045 = 0, b - z = 515. Let k be 242/8 + 1/(-4). What is the greatest common factor of k and b?
30
Let w(s) = 29*s**3 + s + 1. Let o be w(2). Let u = 373 - o. What is the highest common divisor of 69 and u?
69
Let o be (-8)/2 - (-2260 + (-128)/(-16)) - 6. Calculate the highest common factor of 472 and o.
118
Let p be -7*(-35)/98*6/5. Suppose 0 = p*s - 4*w - 43, 4*w = w + 15. Calculate the highest common factor of s and 49.
7
Let y(w) = 32*w - 1614. Let s be y(63). What is the greatest common divisor of s and 6?
6
Let q be (-2142)/(-34) + 0/3. What is the greatest common factor of 9 and q?
9
Suppose -10 = -3*c + h, 0 = c - 3*h + 1 + 1. Suppose -3*n - 657 + 97 = -31*n. What is the highest common divisor of n and c?
4
Suppose 2*h + 124 - 178 = 0. Suppose h*t = 2*t + 4875. Calculate the highest common divisor of t and 15.
15
Let p(a) = 10*a - 115. Let i be p(10). Let k be ((-48)/i)/2*275/11. What is the highest common factor of 100 and k?
20
Let u(j) = -2006*j - 7492. Let h be u(-11). Calculate the highest common divisor of 168 and h.
42
Let u be 40 + 190/38*(-8)/(-10). Calculate the highest common factor of 16676 and u.
44
Suppose -4*v + 94*o = 89*o - 336, 2*v - 168 = -5*o. Calculate the greatest common factor of 192 and v.
12
Let s = 1048 - 492. Let a = -303 + s. What is the greatest common divisor of 11 and a?
11
Let c(o) = -o**2 + 8*o - 3. Let v be c(5). Let b be 36/48 - (-3)/(-4). Suppose -4*a + 0*a + 8 = b. Calculate the greatest common factor of v and a.
2
Suppose 27*v - 26*v - 84 = -l, -l = 2*v - 78. What is the greatest common factor of l and 2115?
45
Let d = 191 - 169. Suppose 5*f - 4*y = 3084, -3*f + 1843 = -7*y + 12*y. Calculate the highest common divisor of f and d.
22
Let c be ((-20)/150*-5)/((-1)/33). Let i = c - -41. What is the highest common divisor of 19 and i?
19
Let j = -616 - -275. Let p = 343 + j. Calculate the greatest common divisor of p and 9.
1
Let m be -155 + 5 + (2 - 1). Let a be 1 + 3 + m/(-1). Calculate the highest common factor of 17 and a.
17
Suppose -a = 6 - 7, -2*a = -5*d - 312. Let o = 74 + d. What is the highest common divisor of 12 and o?
12
Let z = -12164 + 5864. Let s be ((-8)/(-6))/(z/702 + 9). Calculate the highest common factor of 260 and s.
52
Let f = 6668 + -6666. What is the greatest common factor of 74 and f?
2
Let a = 9245 + -9211. What is the greatest common factor of 11475 and a?
17
Let o(h) = -18*h - 137. Let y be (-6)/(-15) + (-141)/60*4. Let l be o(y). Calculate the highest common divisor of l and 1.
1
Let x(d) = 157*d + 2674. Let r be x(-17). Calculate the highest common divisor of r and 21.
1
Let k = 17403 - 12035. What is the greatest common divisor of 11 and k?
11
Suppose -5*n + 17*n - 1344 = 0. Calculate the highest common factor of n and 1288.
56
Let g be 0 - (-8)/6*2/(-4)*-123. Calculate the greatest common factor of g and 27142.
82
Let t be (2/3)/((-6)/(-27)). Let o(g) = g**3 + 5*g**2 + g**2 - 4*g**2 - 4*g**2. Let d be o(t). Calculate the highest common factor of 45 and d.
9
Suppose -2*t + 6*t = -2*n - 2, -2*n - 1 = 5*t. Let q(f) = -2*f - 4. Let d be q(n). What is the highest common divisor of d and 10?
2
Suppose -5*l - 2*b = -11 + 9, 3*b - 3 = 3*l. Suppose 8*n - 704 = 4*n - 5*t, l = 2*t. Suppose -d = -3*d + 32. Calculate the highest common divisor of d and n.
16
Let i(f) = 22*f + 317. Let v be i(-15). Let c(o) = -o**2 - 27*o - 38. Let w be c(v). What is the highest common factor of w and 84?
12
Let m = -15 - -58. Let k = -41 + m. Suppose -k*p + p = -4*f + 173, 3*f - 5*p = 151. Calculate the highest common factor of f and 12.
6
Let f be (3/(-54))/((-1)/4) - 37282/(-63). Calculate the greatest common factor of 1295 and f.
37
Let z be 4/1 - -16 - 9. Calculate the greatest common divisor of z and 6897.
11
Let c(n) = -71*n - 8044. Let s be c(-114). Calculate the greatest common divisor of 450 and s.
50
Let r be 13/5 - 24/40. Suppose 2*n - 4*l = 4, -l + 4 = -r*n + 11. Let d = 7709 + -7689. What is the highest common divisor of n and d?
4
Suppose -86*h + 1252705 + 114742 = 363311. Calculate the highest common factor of h and 56.
28
Let i be (6/(-15))/((-4)/(-46) - (-3420)/(-15525)). What is the greatest common factor of i and 7?
1
Let g(b) = b + 36. Let n be g(-35). Let d(r) = 3*r**3 + 2*r**2 + 13*r - 14. Let a be d(n). Calculate the greatest common divisor of a and 20.
4
Let b = 15980 - 15800. Calculate the greatest common divisor of b and 630.
90
Let j(b) be the first derivative of b**4/2 - b**2/2 + b - 13. Let u be j(1). Suppose -n = -u, z - 4*n + 52 = 2*z. What is the highest common factor of 4 and z?
4
Let n(m) be the second derivative of m**3 + 7*m**2 + 23*m. Let s be n(14). Let z = s - 68. What is the highest common divisor of z and 12?
6
Let b be (-1218)/(-9) - (5/(-3) - -1). Suppose i = -2*y + b, -5*i = -3*y + 66 + 164. What is the highest common factor of 14 and y?
14
Suppose 2358 = s + 4*y, -2*s + 32*y = 36*y - 4696. What is the greatest common factor of 14 and s?
14
Let x be 38 + 8/(-4) + 0. Suppose s - 8 = 3. Suppose -2*y - 3 + s = 0. What is the highest common factor of x and y?
4
Suppose -23*d + 12211 + 4326 = 0. Suppose -16*b + d = -721. Calculate the highest common factor of b and 100.
10
Let o = 5044 + -4290. What is the highest common divisor of 464 and o?
58
Suppose -256*p = -2275 - 29. Calculate the highest common divisor of 223 and p.
1
Suppose 4302 + 9966 + 14272 = 2*m. What is the highest common factor of 10 and m?
10
Suppose -41*y - 113*y = -15708. What is the greatest common divisor of y and 969?
51
Suppose 0*b = -3*b - 5*n + 12, -2*b = 5*n - 13. Let s(o) = 2 + 8*o - 15*o - 103*o. Let w be s(b). Calculate the highest common factor of w and 16.
16
Suppose -225*c + 231*c + 9372 = 0. Let q = -1415 - c. Let b = 130 + -88. Calculate the greatest common divisor of q and b.
21
Let g(k) = 196*k - 734. Let q be g(4). What is the greatest common factor of q and 625?
25
Let y(t) = 13*t**3 - 25*t**2 + 100*t. Let w be y(4). Calculate the greatest common divisor of w and 78.
26
Let u be 0 + (-16)/(-2) - 1. Let c be (-3)/(-4)*551/348*224. What is the greatest common divisor of c and u?
7
Let t(l) = -2*l**3 - 4*l**2 + 186*l - 17. Let w be t(-15). What is the highest common divisor of 51 and w?
17
Let a be (-5)/((-10)/156) + 5 + -6. Suppose m - 2*p = 34, -4*m - 5*p + a = -72. What is the greatest common divisor of 180 and m?
36
Let n be ((-1082)/16 - (-3)/24)/(102/(-272)). Calculate the highest common divisor of 4764 and n.
12
Let q be ((-249480)/1701)/((-1)/9*1). What is the greatest common factor of 8 and q?
8
Suppose -5*f = 3*x + 19, -2*x + 3*x - 3*f - 17 = 0. Suppose w = x + 2. Suppose -181 = -w*b + 299. Calculate the greatest common divisor of b and 40.
40
Let l = 49 - 47. Suppose -17 = -o - 2*w, -4*o = -9*o - l*w + 61. Suppose -o*n + 405 = -783. Calculate the greatest common divisor of n and 36.
36
Let c be